[INFO] fetching crate actori_derive 0.5.0...
[INFO] checking actori_derive-0.5.0 against try#72f88fc4e9458f89516a0b8b0868f3718aec5b47 for pr-74989
[INFO] extracting crate actori_derive 0.5.0 into /workspace/builds/worker-6/source
[INFO] validating manifest of crates.io crate actori_derive 0.5.0 on toolchain 72f88fc4e9458f89516a0b8b0868f3718aec5b47
[INFO] running `Command { std: "/workspace/cargo-home/bin/cargo" "+72f88fc4e9458f89516a0b8b0868f3718aec5b47" "read-manifest" "--manifest-path" "Cargo.toml", kill_on_drop: false }`
[INFO] started tweaking crates.io crate actori_derive 0.5.0
[INFO] finished tweaking crates.io crate actori_derive 0.5.0
[INFO] tweaked toml for crates.io crate actori_derive 0.5.0 written to /workspace/builds/worker-6/source/Cargo.toml
[INFO] running `Command { std: "/workspace/cargo-home/bin/cargo" "+72f88fc4e9458f89516a0b8b0868f3718aec5b47" "generate-lockfile" "--manifest-path" "Cargo.toml" "-Zno-index-update", kill_on_drop: false }`
[INFO] running `Command { std: "/workspace/cargo-home/bin/cargo" "+72f88fc4e9458f89516a0b8b0868f3718aec5b47" "fetch" "--locked" "--manifest-path" "Cargo.toml", kill_on_drop: false }`
[INFO] running `Command { std: "docker" "create" "-v" "/var/lib/crater-agent-workspace/builds/worker-6/target:/opt/rustwide/target:rw,Z" "-v" "/var/lib/crater-agent-workspace/builds/worker-6/source:/opt/rustwide/workdir:ro,Z" "-v" "/var/lib/crater-agent-workspace/cargo-home:/opt/rustwide/cargo-home:ro,Z" "-v" "/var/lib/crater-agent-workspace/rustup-home:/opt/rustwide/rustup-home:ro,Z" "-e" "SOURCE_DIR=/opt/rustwide/workdir" "-e" "CARGO_TARGET_DIR=/opt/rustwide/target" "-e" "CARGO_HOME=/opt/rustwide/cargo-home" "-e" "RUSTUP_HOME=/opt/rustwide/rustup-home" "-w" "/opt/rustwide/workdir" "-m" "1610612736" "--user" "0:0" "--network" "none" "rustops/crates-build-env@sha256:d92eaeed33fa75130ca1ee6c8a01d1ffb62bac859dfdfb3450e3e5d1c0146529" "/opt/rustwide/cargo-home/bin/cargo" "+72f88fc4e9458f89516a0b8b0868f3718aec5b47" "metadata" "--no-deps" "--format-version=1", kill_on_drop: false }`
[INFO] [stderr] WARNING: Your kernel does not support swap limit capabilities or the cgroup is not mounted. Memory limited without swap.
[INFO] [stdout] 34c1bc7e7f7c7bcdf437e293021deeaa6eed343588a9ed79bd139987c59288a0
[INFO] running `Command { std: "docker" "start" "-a" "34c1bc7e7f7c7bcdf437e293021deeaa6eed343588a9ed79bd139987c59288a0", kill_on_drop: false }`
[INFO] running `Command { std: "docker" "inspect" "34c1bc7e7f7c7bcdf437e293021deeaa6eed343588a9ed79bd139987c59288a0", kill_on_drop: false }`
[INFO] running `Command { std: "docker" "rm" "-f" "34c1bc7e7f7c7bcdf437e293021deeaa6eed343588a9ed79bd139987c59288a0", kill_on_drop: false }`
[INFO] [stdout] 34c1bc7e7f7c7bcdf437e293021deeaa6eed343588a9ed79bd139987c59288a0
[INFO] running `Command { std: "docker" "create" "-v" "/var/lib/crater-agent-workspace/builds/worker-6/target:/opt/rustwide/target:rw,Z" "-v" "/var/lib/crater-agent-workspace/builds/worker-6/source:/opt/rustwide/workdir:ro,Z" "-v" "/var/lib/crater-agent-workspace/cargo-home:/opt/rustwide/cargo-home:ro,Z" "-v" "/var/lib/crater-agent-workspace/rustup-home:/opt/rustwide/rustup-home:ro,Z" "-e" "SOURCE_DIR=/opt/rustwide/workdir" "-e" "CARGO_TARGET_DIR=/opt/rustwide/target" "-e" "CARGO_INCREMENTAL=0" "-e" "RUST_BACKTRACE=full" "-e" "RUSTFLAGS=--cap-lints=forbid" "-e" "CARGO_HOME=/opt/rustwide/cargo-home" "-e" "RUSTUP_HOME=/opt/rustwide/rustup-home" "-w" "/opt/rustwide/workdir" "-m" "1610612736" "--user" "0:0" "--network" "none" "rustops/crates-build-env@sha256:d92eaeed33fa75130ca1ee6c8a01d1ffb62bac859dfdfb3450e3e5d1c0146529" "/opt/rustwide/cargo-home/bin/cargo" "+72f88fc4e9458f89516a0b8b0868f3718aec5b47" "check" "--frozen" "--all" "--all-targets" "--message-format=json", kill_on_drop: false }`
[INFO] [stdout] eb5769106a18a6d6a1156b214675192d5febe15dc46d826584dc5ccd58df4438
[INFO] [stderr] WARNING: Your kernel does not support swap limit capabilities or the cgroup is not mounted. Memory limited without swap.
[INFO] running `Command { std: "docker" "start" "-a" "eb5769106a18a6d6a1156b214675192d5febe15dc46d826584dc5ccd58df4438", kill_on_drop: false }`
[INFO] [stderr]    Compiling proc-macro2 v1.0.21
[INFO] [stderr]    Compiling syn v1.0.40
[INFO] [stderr]     Checking unicode-xid v0.2.1
[INFO] [stderr]     Checking quote v1.0.7
[INFO] [stderr]     Checking actori_derive v0.5.0 (/opt/rustwide/workdir)
[INFO] [stdout] error[E0432]: unresolved import `actori`
[INFO] [stdout]  --> tests/test_macro.rs:1:5
[INFO] [stdout]   |
[INFO] [stdout] 1 | use actori::{Actor, Context, Handler, System};
[INFO] [stdout]   |     ^^^^^^ use of undeclared type or module `actori`
[INFO] [stdout] 
[INFO] [stdout] 
[INFO] [stdout] error[E0433]: failed to resolve: could not find `actori` in `{{root}}`
[INFO] [stdout]  --> tests/test_macro.rs:4:10
[INFO] [stdout]   |
[INFO] [stdout] 4 | #[derive(MessageResponse)]
[INFO] [stdout]   |          ^^^^^^^^^^^^^^^ could not find `actori` in `{{root}}`
[INFO] [stdout]   |
[INFO] [stdout]   = note: this error originates in a derive macro (in Nightly builds, run with -Z macro-backtrace for more info)
[INFO] [stdout] 
[INFO] [stdout] 
[INFO] [stdout] error[E0433]: failed to resolve: use of undeclared type or module `actori`
[INFO] [stdout]  --> tests/test_macro.rs:4:10
[INFO] [stdout]   |
[INFO] [stdout] 4 | #[derive(MessageResponse)]
[INFO] [stdout]   |          ^^^^^^^^^^^^^^^ use of undeclared type or module `actori`
[INFO] [stdout]   |
[INFO] [stdout]   = note: this error originates in a derive macro (in Nightly builds, run with -Z macro-backtrace for more info)
[INFO] [stdout] 
[INFO] [stdout] 
[INFO] [stdout] error[E0433]: failed to resolve: could not find `actori` in `{{root}}`
[INFO] [stdout]  --> tests/test_macro.rs:7:10
[INFO] [stdout]   |
[INFO] [stdout] 7 | #[derive(Message)]
[INFO] [stdout]   |          ^^^^^^^ could not find `actori` in `{{root}}`
[INFO] [stdout]   |
[INFO] [stdout]   = note: this error originates in a derive macro (in Nightly builds, run with -Z macro-backtrace for more info)
[INFO] [stdout] 
[INFO] [stdout] 
[INFO] [stdout] error[E0433]: failed to resolve: use of undeclared type or module `actori`
[INFO] [stdout]   --> tests/test_macro.rs:19:27
[INFO] [stdout]    |
[INFO] [stdout] 19 |     type Result = <Sum as actori::Message>::Result;
[INFO] [stdout]    |                           ^^^^^^ use of undeclared type or module `actori`
[INFO] [stdout] 
[INFO] [stdout] 
[INFO] [stdout] error: aborting due to 5 previous errors
[INFO] [stdout] 
[INFO] [stdout] 
[INFO] [stdout] Some errors have detailed explanations: E0432, E0433.
[INFO] [stdout] 
[INFO] [stdout] For more information about an error, try `rustc --explain E0432`.
[INFO] [stdout] 
[INFO] [stderr] error: could not compile `actori_derive`.
[INFO] [stderr] 
[INFO] [stderr] To learn more, run the command again with --verbose.
[INFO] running `Command { std: "docker" "inspect" "eb5769106a18a6d6a1156b214675192d5febe15dc46d826584dc5ccd58df4438", kill_on_drop: false }`
[INFO] running `Command { std: "docker" "rm" "-f" "eb5769106a18a6d6a1156b214675192d5febe15dc46d826584dc5ccd58df4438", kill_on_drop: false }`
[INFO] [stdout] eb5769106a18a6d6a1156b214675192d5febe15dc46d826584dc5ccd58df4438
